{"id":90,"date":"2023-11-25T18:01:29","date_gmt":"2023-11-25T18:01:29","guid":{"rendered":"https:\/\/tantra-thai.ch\/?page_id=90"},"modified":"2023-11-26T22:00:08","modified_gmt":"2023-11-26T22:00:08","slug":"nos-massages","status":"publish","type":"page","link":"https:\/\/tantra-thai.ch\/index.php\/nos-massages\/","title":{"rendered":"Nos Massages"},"content":{"rendered":"\t\t<div data-elementor-type=\"wp-page\" data-elementor-id=\"90\" class=\"elementor elementor-90\">\n\t\t\t\t\t\t\t<div class=\"elementor-element elementor-element-1a4e591 e-con-full e-flex e-con e-parent\" data-id=\"1a4e591\" data-element_type=\"container\" data-settings=\"{&quot;content_width&quot;:&quot;full&quot;}\" data-core-v316-plus=\"true\">\n\t\t\t\t<div class=\"elementor-element elementor-element-51d08b9 elementor-widget elementor-widget-image\" data-id=\"51d08b9\" data-element_type=\"widget\" data-widget_type=\"image.default\">\n\t\t\t\t<div class=\"elementor-widget-container\">\n\t\t\t<style>\/*! elementor - v3.17.0 - 08-11-2023 *\/\n.elementor-widget-image{text-align:center}.elementor-widget-image a{display:inline-block}.elementor-widget-image a img[src$=\".svg\"]{width:48px}.elementor-widget-image img{vertical-align:middle;display:inline-block}<\/style>\t\t\t\t\t\t\t\t\t\t\t\t<img fetchpriority=\"high\" decoding=\"async\" width=\"876\" height=\"249\" src=\"https:\/\/tantra-thai.ch\/wp-content\/uploads\/2023\/11\/tantra-Thai-Sierre.png\" class=\"attachment-large size-large wp-image-205\" alt=\"\" srcset=\"https:\/\/tantra-thai.ch\/wp-content\/uploads\/2023\/11\/tantra-Thai-Sierre.png 876w, https:\/\/tantra-thai.ch\/wp-content\/uploads\/2023\/11\/tantra-Thai-Sierre-300x85.png 300w, https:\/\/tantra-thai.ch\/wp-content\/uploads\/2023\/11\/tantra-Thai-Sierre-768x218.png 768w\" sizes=\"(max-width: 876px) 100vw, 876px\" \/>\t\t\t\t\t\t\t\t\t\t\t\t\t\t\t<\/div>\n\t\t\t\t<\/div>\n\t\t\t\t<div class=\"elementor-element elementor-element-ce3358d elementor-widget elementor-widget-text-editor\" data-id=\"ce3358d\" data-element_type=\"widget\" data-widget_type=\"text-editor.default\">\n\t\t\t\t<div class=\"elementor-widget-container\">\n\t\t\t<style>\/*! elementor - v3.17.0 - 08-11-2023 *\/\n.elementor-widget-text-editor.elementor-drop-cap-view-stacked .elementor-drop-cap{background-color:#69727d;color:#fff}.elementor-widget-text-editor.elementor-drop-cap-view-framed .elementor-drop-cap{color:#69727d;border:3px solid;background-color:transparent}.elementor-widget-text-editor:not(.elementor-drop-cap-view-default) .elementor-drop-cap{margin-top:8px}.elementor-widget-text-editor:not(.elementor-drop-cap-view-default) .elementor-drop-cap-letter{width:1em;height:1em}.elementor-widget-text-editor .elementor-drop-cap{float:left;text-align:center;line-height:1;font-size:50px}.elementor-widget-text-editor .elementor-drop-cap-letter{display:inline-block}<\/style>\t\t\t\t<h3 class=\"mobile-oversized\"><strong><span class=\"mobile-oversized\">\u00a0<\/span><\/strong><\/h3><h3 class=\"mobile-oversized\"><strong><span class=\"mobile-oversized\">Massage tha\u00ef traditionnel<\/span><\/strong><\/h3><p class=\"mobile-undersized-upper\">Le massage tha\u00ef est une alternative dont on reconna\u00eet d\u00e9sormais les vertus relaxantes et th\u00e9rapeutiques, permettant de soulager diff\u00e9rents types de tensions. L\u2019enseignement du massage tha\u00ef a \u00e9volu\u00e9 de fa\u00e7on m\u00e9thodique et coh\u00e9rente, respectant les principes de base de cette discipline, dans le but d\u2019obtenir un savoir-faire d\u2019excellence.<\/p><p class=\"mobile-undersized-upper\">Le massage tha\u00ef est b\u00e9n\u00e9fique pour le corps: il r\u00e9duit les tensions musculaires, am\u00e9liore la circulation sanguine et lymphatique, stimule le syst\u00e8me nerveux, augmente la capacit\u00e9 respiratoire, r\u00e9g\u00e9n\u00e8re l\u2019ensemble des muscles, il procure un bien-\u00eatre et dissipe le stress.<\/p><p class=\"mobile-undersized-upper\">Le massage traditionnel se d\u00e9roule couch\u00e9 sur une table.\u00a0<\/p><h3 class=\"mobile-oversized\"><strong><span class=\"mobile-oversized\">Massage des pieds (r\u00e9flexologie)<\/span><\/strong><\/h3><p class=\"mobile-undersized-upper\">Les pieds supportent la charge du corps toute la journ\u00e9e enferm\u00e9s dans des chaussures.<\/p><p class=\"mobile-undersized-upper\">Le massage des pieds ou r\u00e9flexologie tha\u00ef se pratique tant\u00f4t avec un stylet de bois tant\u00f4t \u00e0 mains nues. Les jambes sont mass\u00e9es jusqu&rsquo;au genou apportant relaxation, d\u00e9tente et bien-\u00eatre au reste du corps.<\/p><p class=\"mobile-undersized-upper\">Ce massage soulage les jambes lourdes et fatigu\u00e9es d&rsquo;une journ\u00e9e de travail debout. Il stimule la circulation sanguine et le drainage lymphatique.<\/p><p class=\"mobile-undersized-upper\">Le massage se d\u00e9roule apr\u00e8s un bain depieds, assis confortablement sur un fauteuil oule matelas.<\/p><p class=\"mobile-undersized-upper\">\u00a0<\/p><h3 class=\"mobile-oversized\"><strong><span class=\"mobile-oversized\">Massage \u00e0 la Bougie<\/span><\/strong><\/h3><p class=\"mobile-undersized-upper\">Lexp\u00e9rience sensorielle unique, une sensation,d\u00e9licate par l\u2019huile chauff\u00e9e naturellement.<\/p><p class=\"mobile-undersized-upper\">V\u00e9ritableinvitation au voyage, Il allie douceur, effleurages et pressions tir\u00e9es, \u00e0 desmouvements larges, fluides et enveloppants. Il se pratique \u00e0 l\u2019aide des mains,des pouces et des avant-bras.<\/p><p class=\"mobile-undersized-upper\">Diffusion desenteurs aux vertus relaxantes permettant \u00e0 votre esprit de s\u2019\u00e9vader et \u00e0 votrecorps de rel\u00e2cher ses tensions, mais, elle offre \u00e9galement une huile onctueuseet chaude qui nourrira votre peau en profondeur, am\u00e9liorant ainsi le toucher etpar cons\u00e9quent votre ressenti<\/p><h3 class=\"mobile-oversized\"><strong><span class=\"mobile-oversized\">Massage th\u00e9rapeutique sportif<\/span><\/strong><\/h3><p class=\"mobile-undersized-upper\">Le massage est un moyen fabuleux d\u2019att\u00e9nuer le stress, les tensions et la fatigue qui s\u2019accumulent dans le corps jour apr\u00e8s jour. Le massage aux huiles essentielles, d\u00e9tend et aide \u00e0 \u00e9liminer les pens\u00e9es n\u00e9gatives qui engendrent le stress.<\/p><p class=\"mobile-undersized-upper\">Le massage tha\u00ef classique consiste\u00e0 exercer une pression sur les points d\u2019\u00e9nergie.<\/p><p class=\"mobile-undersized-upper\">Parmi les multiples vertus du massage aux huiles, la principale est la stimulation de la circulation sanguine et lymphatique, mais il a \u00e9galement la propri\u00e9t\u00e9 de faire baisser la pression art\u00e9rielle, qui est \u00e0 l\u2019origine des probl\u00e8mes d\u2019hypertension dont souffrent certaines personnes.<\/p><p class=\"mobile-undersized-upper\">Un autre avantage important du massage aux huiles est qu\u2019il favorise l\u2019\u00e9limination des toxines par le corps. Ainsi, le massage aux huiles est un moyen efficace d\u2019am\u00e9liorer son \u00e9tat de sant\u00e9.<\/p><p class=\"mobile-undersized-upper\">\u00a0<\/p><p class=\"mobile-undersized-upper\">\u00a0<\/p>\t\t\t\t\t\t<\/div>\n\t\t\t\t<\/div>\n\t\t\t\t<\/div>\n\t\t\t\t\t\t\t<\/div>\n\t\t","protected":false},"excerpt":{"rendered":"<p>\u00a0 Massage tha\u00ef traditionnel Le massage tha\u00ef est une alternative dont on reconna\u00eet d\u00e9sormais les vertus relaxantes et th\u00e9rapeutiques, permettant de soulager diff\u00e9rents types de tensions. L\u2019enseignement du massage tha\u00ef a \u00e9volu\u00e9 de fa\u00e7on m\u00e9thodique et coh\u00e9rente, respectant les principes de base de cette discipline, dans le but d\u2019obtenir un savoir-faire d\u2019excellence. Le massage tha\u00ef [&hellip;]<\/p>\n","protected":false},"author":1,"featured_media":0,"parent":0,"menu_order":0,"comment_status":"closed","ping_status":"closed","template":"","meta":{"footnotes":""},"class_list":["post-90","page","type-page","status-publish","hentry"],"acf":[],"yoast_head":"<!-- This site is optimized with the Yoast SEO plugin v21.5 - https:\/\/yoast.com\/wordpress\/plugins\/seo\/ -->\n<title>Nos Massages - Institut Pamy Harmony<\/title>\n<meta name=\"robots\" content=\"index, follow, max-snippet:-1, max-image-preview:large, max-video-preview:-1\" \/>\n<link rel=\"canonical\" href=\"https:\/\/tantra-thai.ch\/index.php\/nos-massages\/\" \/>\n<meta property=\"og:locale\" content=\"fr_FR\" \/>\n<meta property=\"og:type\" content=\"article\" \/>\n<meta property=\"og:title\" content=\"Nos Massages - Institut Pamy Harmony\" \/>\n<meta property=\"og:description\" content=\"\u00a0 Massage tha\u00ef traditionnel Le massage tha\u00ef est une alternative dont on reconna\u00eet d\u00e9sormais les vertus relaxantes et th\u00e9rapeutiques, permettant de soulager diff\u00e9rents types de tensions. L\u2019enseignement du massage tha\u00ef a \u00e9volu\u00e9 de fa\u00e7on m\u00e9thodique et coh\u00e9rente, respectant les principes de base de cette discipline, dans le but d\u2019obtenir un savoir-faire d\u2019excellence. Le massage tha\u00ef [&hellip;]\" \/>\n<meta property=\"og:url\" content=\"https:\/\/tantra-thai.ch\/index.php\/nos-massages\/\" \/>\n<meta property=\"og:site_name\" content=\"Institut Pamy Harmony\" \/>\n<meta property=\"article:modified_time\" content=\"2023-11-26T22:00:08+00:00\" \/>\n<meta property=\"og:image\" content=\"https:\/\/tantra-thai.ch\/wp-content\/uploads\/2023\/11\/tantra-Thai-Sierre.png\" \/>\n<meta name=\"twitter:card\" content=\"summary_large_image\" \/>\n<meta name=\"twitter:label1\" content=\"Dur\u00e9e de lecture estim\u00e9e\" \/>\n\t<meta name=\"twitter:data1\" content=\"3 minutes\" \/>\n<script type=\"application\/ld+json\" class=\"yoast-schema-graph\">{\"@context\":\"https:\/\/schema.org\",\"@graph\":[{\"@type\":\"WebPage\",\"@id\":\"https:\/\/tantra-thai.ch\/index.php\/nos-massages\/\",\"url\":\"https:\/\/tantra-thai.ch\/index.php\/nos-massages\/\",\"name\":\"Nos Massages - Institut Pamy Harmony\",\"isPartOf\":{\"@id\":\"https:\/\/tantra-thai.ch\/#website\"},\"datePublished\":\"2023-11-25T18:01:29+00:00\",\"dateModified\":\"2023-11-26T22:00:08+00:00\",\"breadcrumb\":{\"@id\":\"https:\/\/tantra-thai.ch\/index.php\/nos-massages\/#breadcrumb\"},\"inLanguage\":\"fr-FR\",\"potentialAction\":[{\"@type\":\"ReadAction\",\"target\":[\"https:\/\/tantra-thai.ch\/index.php\/nos-massages\/\"]}]},{\"@type\":\"BreadcrumbList\",\"@id\":\"https:\/\/tantra-thai.ch\/index.php\/nos-massages\/#breadcrumb\",\"itemListElement\":[{\"@type\":\"ListItem\",\"position\":1,\"name\":\"Accueil\",\"item\":\"https:\/\/tantra-thai.ch\/\"},{\"@type\":\"ListItem\",\"position\":2,\"name\":\"Nos Massages\"}]},{\"@type\":\"WebSite\",\"@id\":\"https:\/\/tantra-thai.ch\/#website\",\"url\":\"https:\/\/tantra-thai.ch\/\",\"name\":\"Institut Pamy Harmony\",\"description\":\"Tantra. Thai Sierre (Chippis)\",\"potentialAction\":[{\"@type\":\"SearchAction\",\"target\":{\"@type\":\"EntryPoint\",\"urlTemplate\":\"https:\/\/tantra-thai.ch\/?s={search_term_string}\"},\"query-input\":\"required name=search_term_string\"}],\"inLanguage\":\"fr-FR\"}]}<\/script>\n<!-- \/ Yoast SEO plugin. -->","yoast_head_json":{"title":"Nos Massages - Institut Pamy Harmony","robots":{"index":"index","follow":"follow","max-snippet":"max-snippet:-1","max-image-preview":"max-image-preview:large","max-video-preview":"max-video-preview:-1"},"canonical":"https:\/\/tantra-thai.ch\/index.php\/nos-massages\/","og_locale":"fr_FR","og_type":"article","og_title":"Nos Massages - Institut Pamy Harmony","og_description":"\u00a0 Massage tha\u00ef traditionnel Le massage tha\u00ef est une alternative dont on reconna\u00eet d\u00e9sormais les vertus relaxantes et th\u00e9rapeutiques, permettant de soulager diff\u00e9rents types de tensions. L\u2019enseignement du massage tha\u00ef a \u00e9volu\u00e9 de fa\u00e7on m\u00e9thodique et coh\u00e9rente, respectant les principes de base de cette discipline, dans le but d\u2019obtenir un savoir-faire d\u2019excellence. Le massage tha\u00ef [&hellip;]","og_url":"https:\/\/tantra-thai.ch\/index.php\/nos-massages\/","og_site_name":"Institut Pamy Harmony","article_modified_time":"2023-11-26T22:00:08+00:00","og_image":[{"url":"https:\/\/tantra-thai.ch\/wp-content\/uploads\/2023\/11\/tantra-Thai-Sierre.png"}],"twitter_card":"summary_large_image","twitter_misc":{"Dur\u00e9e de lecture estim\u00e9e":"3 minutes"},"schema":{"@context":"https:\/\/schema.org","@graph":[{"@type":"WebPage","@id":"https:\/\/tantra-thai.ch\/index.php\/nos-massages\/","url":"https:\/\/tantra-thai.ch\/index.php\/nos-massages\/","name":"Nos Massages - Institut Pamy Harmony","isPartOf":{"@id":"https:\/\/tantra-thai.ch\/#website"},"datePublished":"2023-11-25T18:01:29+00:00","dateModified":"2023-11-26T22:00:08+00:00","breadcrumb":{"@id":"https:\/\/tantra-thai.ch\/index.php\/nos-massages\/#breadcrumb"},"inLanguage":"fr-FR","potentialAction":[{"@type":"ReadAction","target":["https:\/\/tantra-thai.ch\/index.php\/nos-massages\/"]}]},{"@type":"BreadcrumbList","@id":"https:\/\/tantra-thai.ch\/index.php\/nos-massages\/#breadcrumb","itemListElement":[{"@type":"ListItem","position":1,"name":"Accueil","item":"https:\/\/tantra-thai.ch\/"},{"@type":"ListItem","position":2,"name":"Nos Massages"}]},{"@type":"WebSite","@id":"https:\/\/tantra-thai.ch\/#website","url":"https:\/\/tantra-thai.ch\/","name":"Institut Pamy Harmony","description":"Tantra. Thai Sierre (Chippis)","potentialAction":[{"@type":"SearchAction","target":{"@type":"EntryPoint","urlTemplate":"https:\/\/tantra-thai.ch\/?s={search_term_string}"},"query-input":"required name=search_term_string"}],"inLanguage":"fr-FR"}]}},"_links":{"self":[{"href":"https:\/\/tantra-thai.ch\/index.php\/wp-json\/wp\/v2\/pages\/90","targetHints":{"allow":["GET"]}}],"collection":[{"href":"https:\/\/tantra-thai.ch\/index.php\/wp-json\/wp\/v2\/pages"}],"about":[{"href":"https:\/\/tantra-thai.ch\/index.php\/wp-json\/wp\/v2\/types\/page"}],"author":[{"embeddable":true,"href":"https:\/\/tantra-thai.ch\/index.php\/wp-json\/wp\/v2\/users\/1"}],"replies":[{"embeddable":true,"href":"https:\/\/tantra-thai.ch\/index.php\/wp-json\/wp\/v2\/comments?post=90"}],"version-history":[{"count":19,"href":"https:\/\/tantra-thai.ch\/index.php\/wp-json\/wp\/v2\/pages\/90\/revisions"}],"predecessor-version":[{"id":209,"href":"https:\/\/tantra-thai.ch\/index.php\/wp-json\/wp\/v2\/pages\/90\/revisions\/209"}],"wp:attachment":[{"href":"https:\/\/tantra-thai.ch\/index.php\/wp-json\/wp\/v2\/media?parent=90"}],"curies":[{"name":"wp","href":"https:\/\/api.w.org\/{rel}","templated":true}]}}